Let h = 13 - 13. Let a(p) = h*p**3 + 0*p**3 - 4*p + 6*p**2 - 17 - p**3 + 11. Determine a(5).
-1
Suppose 2*v - 20 = -4*x - 0*v, -5*v + 15 = 3*x. Let q(d) = -d**2 + 5*d - 1. What is q(x)?
-1
Let r(t) = t**2 - 5*t + 3. Let a be r(5). Let o(j) = 4*j + 3*j**3 + 11*j**3 - 5*j - a*j**3. Let v be 6/4 - (-2)/(-4). What is o(v)?
10
Let c = 22 - 2. Let g(v) = 9*v + 1 + 12*v - c*v. Give g(-6).
-5
Let y = 3 + -2. Let l(o) = 9*o**2 - 5*o + 1. Let d(v) = v**2 + v - 4*v**2 + 2*v**2. Let j(h) = -4*d(h) - l(h). Calculate j(y).
-5
Let x(w) be the first derivative of w**4/6 + w**3/2 - 3*w**2/2 + 1. Let b(v) be the second derivative of x(v). What is b(-3)?
-9
Suppose -g + d = 1, 2*g + 5 = -3*g + 3*d. Let f be g/(-1 - (-6)/9). Let a(m) = -m + 1. Calculate a(f).
-2
Let p be (-1)/2 - (-25)/10. Let u = -2 - p. Let h(y) be the second derivative of y**3/6 - 3*y**2/2 + y. Calculate h(u).
-7
Let t = 2 + 4. Let n = -3 + t. Suppose 0 = -3*q - n*s + s - 16, -5*s = q + 27. Let r(x) = x**2. Determine r(q).
4
Let m(y) be the third derivative of -2*y**5/15 + y**4/24 - y**3/6 - y**2. Let z = -15 - -16. Give m(z).
-8
Let o(a) = -a**2 - 6*a - 7. Let w(k) = -2*k + 9. Let t be w(7). Let i be o(t). Let d(j) = j - 3. Let n(y) = -y + 7. Let m(q) = -5*d(q) - 2*n(q). Give m(i).
7
Let t(x) = -x**3 - 5*x**2 + 6*x + 5. Let c(h) = h - 13. Suppose d + d - 14 = 0. Let w be c(d). Calculate t(w).
5
Let c(l) be the second derivative of 3*l**5/20 + l**4/6 + l**3/6 + l**2 - 21*l. Determine c(-2).
-16
Let z(j) = j - 5. Let o be z(10). Let t(c) = -c + 3. What is t(o)?
-2
Let u(n) = -1 - 3 + 0*n + 4*n - 6*n. Let t(o) = -2*o + 1. Let j be t(-1). Let b be 1*j*12/(-9). What is u(b)?
4
Let q(o) = -o**3 + 4*o**2 + 3*o + 7. Let x(l) = -5*l**3 + 20*l**2 + 15*l + 35. Let v(k) = 11*q(k) - 2*x(k). Give v(5).
-3
Let k(f) = 7*f**3 + f - 8. Let q(s) = -s**3. Let r(w) = k(w) + 6*q(w). Suppose 2*t - 4*x - 4 = 4*t, -4*t + 5 = -5*x. What is r(t)?
-8
Let c(k) = k**3 - 5*k**2 + 4*k - 1. Let i = 14 - 4. Let a be 36/i*(-12 + 2). Let p be -5*(a/15)/4. Determine c(p).
-7
Let o(w) = 6*w**2 + w. Suppose f + 2 = 3. What is o(f)?
7
Let a be 10/(-6) - 2/6. Let f be (-2)/10*-2*5. Let m(s) = -1 + 5*s - 2*s**2 + s**2 - 3*s + 0*s**f. Determine m(a).
-9
Let f(i) = -i**2 - i + 4. Let q be 2*(0 + (-15)/(-10)). What is f(q)?
-8
Let q be (-16)/(-7) - 8/28. Let u(l) = -2*l - q*l + 2*l + 9. Let j(z) = -z**3 + 4*z**2 + 5*z + 6. Let k be j(5). What is u(k)?
-3
Let t(s) = -s**2. Suppose -5*w = 4*j + 9, j = -0*w - 4*w - 5. Let y(b) = -b**2 - 6*b + 6. Let l(q) = w*y(q) + 2*t(q). Calculate l(4).
2
Let d(u) = u**3 + 5*u**2 + 2*u - 1. Let q(i) = 2*i - 6. Let h be q(4). Suppose -4*s = -h*s + 8. Calculate d(s).
7
Let b(i) = i**2 - 3*i + 2. Suppose 0 = -2*t - 2*t + 8, -3*s = 3*t - 36. Suppose 5*o - 15 = s. What is b(o)?
12
Let x = 4 - 0. Suppose c - 25 = x*c + 2*g, 0 = 2*g + 10. Let w(v) = -v**2 - 6*v - 7. Calculate w(c).
-2
Let x(n) = n - 1. Let j(f) = -f**3 - 16*f**2 + 18*f + 16. Let d be j(-17). Determine x(d).
-2
Let t(u) = -7*u + 1. Let p(v) = 13*v - 3. Let g(b) = 6*p(b) + 11*t(b). Calculate g(0).
-7
Let z(w) = 5*w + 0 + w - 1 + 0. Let v = -1 - -2. Give z(v).
5
Let b(f) = f**3 + f**2 - f + 1. Let a(o) = 3*o**3 - 5*o**2 + 4*o - 3. Let j(s) = -a(s) + 2*b(s). What is j(6)?
5
Suppose 3*t + 2*p - 23 = 4*p, 3*p - 13 = -5*t. Let y(h) = -7*h + t*h - 4*h + 1 + h**2. Suppose -20 = s - 5*s. Determine y(s).
-4
Suppose -4*d - 4 = -0. Let b be (-6 - 1/d)*1. Let t(i) = -i + 1. Let y(x) = x**2 + 7*x - 10. Let c(s) = -3*t(s) - y(s). Calculate c(b).
2
Let c(l) = -l**3 + 12*l**2 - 12*l + 8. Suppose 14 + 19 = 3*t. What is c(t)?
-3
Let x(q) = -20*q**2 - q + 1. Suppose 8*g - 10*g + 2 = 0. Determine x(g).
-20
Let d(m) = 0 + 4*m + 128*m**2 - 131*m**2 + 0. Give d(3).
-15
Suppose -5*t - 12 = 3. Let r = t - -3. Let n(s) = -s + 1 - 2 + r*s + 6*s**2. Give n(-1).
6
Let z = 10 - 6. Suppose c - 5*v = -13 - 8, 3*c + z*v - 13 = 0. Let l(b) = -2*b**3 + 2*b**2 + 2*b + 1. What is l(c)?
3
Let w(v) = -v**2 + v - 1. Let x(a) = 3*a**2 - 4*a + 7. Let q(j) = 4*w(j) + x(j). Calculate q(-3).
-6
Let b(f) = -f**2 - 2*f + 5. Let a(g) = -g**2 - 3*g + 6. Let z(w) = 3*a(w) - 4*b(w). What is z(-4)?
18
Let h(s) = -2*s**2 + s - 9. Let l(b) = -b**2 - 4. Let d(x) = 6*h(x) - 13*l(x). Calculate d(-7).
5
Let p(m) = -m + 1. Suppose -2 = -o - j + 2*j, 4 = -5*o - 2*j. Let w = o + 0. What is p(w)?
1
Let b(v) = -9*v - 2. Let c(a) = 26*a + 5. Let k(y) = 11*b(y) + 4*c(y). What is k(3)?
13
Let d = 76 + -76. Let f(r) = r**3 + r**2 + 20. What is f(d)?
20
Let a(l) be the second derivative of 5/2*l**2 + l - 1/2*l**4 + 5/6*l**3 + 0 + 1/20*l**5. Let p be ((-3)/3)/((-1)/5). Determine a(p).
5
Suppose -2 = z - 4*f + 2*f, -3*f = 5*z - 42. Let a(j) be the first derivative of -2 - 2*j**2 - 8*j + 1/3*j**3. Determine a(z).
4
Let x(j) = 3*j**2 - 5*j - 1. Let b(v) = -4*v**2 + 5*v. Let k(a) = 4*b(a) + 5*x(a). Suppose 0 = -3*w - 6 - 6. Let z be k(w). Let p(c) = -4*c**2 - 1. Give p(z).
-5
Suppose -3*q - 1 = -19. Let f(d) = -d**3 + 7*d**2 - 6*d + 6. Determine f(q).
6
Let j be -2 + 2 + 0/2. Let i be j*3/6*1. Let w(b) = -b**3 - 11. Give w(i).
-11
Let y(v) be the third derivative of 0*v**3 - 1/12*v**4 + 0*v + 0 - 5*v**2 - 1/60*v**5. Let w be ((-2)/(-2))/((-1)/2). Give y(w).
0
Let g(q) = -q**2 - 4*q - 3. Suppose 6 = -2*k - 6. Determine g(k).
-15
Let z(q) = 3*q - 17 + 8 + 11. What is z(-2)?
-4
Let a(l) = l + 6. Let d be ((-6)/4)/(12/16). Let z be (-1)/d*(0 + 0). What is a(z)?
6
Let x = 9 - 15. Let d be (-2 - x)/2 - -3. Let m(a) = -a**3 + 6*a**2 - 7*a + 4. Give m(d).
-6
Let w(f) be the third derivative of -f**4/24 + 5*f**2. Give w(3).
-3
Let g = -39 + 44. Let b(m) = m**3 - 4*m**2 - 4*m + 2. What is b(g)?
7
Suppose 9 + 3 = 2*h + 3*p, 5*p = 3*h + 20. Suppose h = -2*c + 4. Let m(t) = 4*t - 2 + t**c - 4*t. Determine m(0).
-2
Let n(u) = -1 + 2 + u + 0. Suppose 2*x - 3*b = -x - 12, 3*x - 4*b = -16. What is n(x)?
1
Let a(y) = 5*y**2 - y - 1. Suppose 0 = 4*d + 2 + 2. Let i be a(d). Let n(s) = -s**2 + s + 1. Let z(c) = -2*c**2 - 2*c + 3. Let p(r) = 3*n(r) - z(r). Give p(i).
0
Let f(k) = k. Suppose 3*v - 5*t + 36 = -14, 5*v - 4*t + 66 = 0. Let s = v + 10. Give f(s).
0
Let z(p) = -5*p - 2. Let x = -141 - -138. Calculate z(x).
13
Let f be (2/(-4))/(3/(-12)). Let j be 1/f - (-9)/2. Let b(o) = 7*o + 4. Let v(i) = 13*i + 8. Let s(n) = 11*b(n) - 6*v(n). Determine s(j).
-9
Let y(v) = v - 3. Let n(f) = -f**2 - 8*f + 13. Let d be n(-9). Let z = 3 - d. Let p be ((-4 + -1)*1)/z. Determine y(p).
2
Let o(i) = i**2 - 8*i + 7. Let f be -19 + 6 + -1 + 2. Let p = f - -18. What is o(p)?
-5
Let q(l) = 7*l**2 + 7*l + 6. Let a(o) be the third derivative of o**5/10 + o**4/4 + 5*o**3/6 - 4*o**2. Let u(w) = -6*a(w) + 5*q(w). Give u(0).
0
Let y be ((-2)/8)/((-12)/16). Let w(v) be the second derivative of -1/20*v**5 + 0 - v**2 + y*v**4 + 0*v**3 - 2*v. Calculate w(4).
-2
Let l(y) be the first derivative of -y**5/60 + 5*y**4/24 - 5*y**3/6 - 2*y**2 + 5. Let g(p) be the second derivative of l(p). Give g(4).
-1
Let a(w) = -w. Let l(g) = -2*g - 1. Let m(z) = -5*a(z) + 2*l(z). Give m(7).
5
Let b(g) be the first derivative of g**2 - 4*g - 30. Let z = -2 - -7. Give b(z).
6
Let n(k) be the third derivative of -k**5/60 + k**4/12 + k**3/6 - 2*k**2. Let f be (-21)/12 - (-2)/(-8). Determine n(f).
-7
Let m(i) be the second derivative of 3/2*i**2 - 1/20*i**5 + 0 + 1/2*i**3 - i + 0*i**4. Let y = 47 - 49. Give m(y).
5
Suppose 0 = -3*w - 0 + 9. Let m(z) = -z**3 + 3*z**2 + 2*z - 2. Calculate m(w).
4
Let d = -5 - 4. Let u = -6 - d. Let p(k) = -k**3 + 2*k**2 + 3*k - 3. Give p(u).
-3
Suppose 2*k - p + 7 = 3*k, -3*p = -5*k + 3. Let b(m) = -9 + k + 7 + m. Suppose -5*l - 5*v - 10 = 0, 0*v = 4*v - 4. What is b(l)?
-2
Let o(a) be the first derivative of a**4/4 + a**3 - 5*a**2/2 + a - 4. Let g be (-5)/(-15) - 13/3. Calculate o(g).
5
Let a be 3 + -2 + (-2)/(-2). Suppose 2 = 4*x - a*x. Suppose g + 3*l - x = 2, 2 = -2*l. Let z(d) = d. Give z(g).
6
Let c(b) be the third derivative of b**6/120 + b**5/12 + b**4/12 + b**3/6 - 22*b**2. Suppose -4*w - 2*m = 10, 2*w + 3*w + m = -17. Determine c(w).
9
Let o(k) = -k**2 + 5*k + 3. Let g(w) = -w**3 - w**2 - 2. Let r be g(-2). Let j(f) = -f**2 + 4*f + 2. Let t(b) = r*o(b) - 3*j(b). Let h = 5 - 3. Calculate t(h).
0
Let c(n) = 4*n**2 + 10*n + 3. Let z(t) = -2*t**